114452 + 3622?
120274
In base 9, what is 5 - 286116863?
-286116857
In base 2, what is -1101100110001100010 - 100?
-1101100110001100110
In base 14, what is 1b28dbb + 3?
1b28dc0
In base 5, what is -31 + 3200342200?
3200342114
In base 9, what is -688067 - -21?
-688046
In base 7, what is -34 - -1311443?
1311406
In base 12, what is 414 + -7582?
-716a
In base 16, what is -26d761 + -10?
-26d771
In base 16, what is 19d2 + -850?
1182
In base 5, what is 11 - -1110310003?
1110310014
In base 5, what is 20022203431 - 120?
20022203311
In base 4, what is 11132210 + -1022301?
10103303
In base 7, what is -54352 - 32221?
-116603
In base 4, what is -2 - -12311303330?
12311303322
In base 3, what is 1011 - 1012010202120?
-1012010201102
In base 16, what is -4 + -1ce1b1?
-1ce1b5
In base 8, what is 71 + -644616?
-644525
In base 3, what is -121 - -10110122120121?
10110122120000
In base 7, what is -10530050 + 10?
-10530040
In base 8, what is -203754114 + -1?
-203754115
In base 13, what is 130 - -359a7?
35b07
In base 16, what is -110704 - -304?
-110400
In base 3, what is -1002210 - -2212022001?
2211012021
In base 11, what is -50960 - 52?
-50a02
In base 7, what is 1 - 1002225165?
-1002225164
In base 14, what is -c747 + 686?
-c0a1
In base 11, what is -655 + 98795?
98140
In base 6, what is -31202 + 4514?
-22244
In base 14, what is 3cd28 - 14?
3cd14
In base 5, what is -10333022303 - -10?
-10333022243
In base 14, what is -8b7167 - -4?
-8b7163
In base 16, what is -156ac + -83?
-1572f
In base 9, what is -587425 - -5?
-587420
In base 12, what is -15 + -2b87895?
-2b878aa
In base 10, what is 259419 - -123?
259542
In base 15, what is 15ab48 - bc?
15aa7b
In base 14, what is 13c + 13488?
135c6
In base 6, what is -240 + 1120313?
1120033
In base 2, what is 101 - 10110101100000000001011?
-10110101100000000000110
In base 13, what is 5 + -6b4986?
-6b4981
In base 6, what is 402114000 + -1?
402113555
In base 6, what is 2233 + -10545450?
-10543213
In base 16, what is 3 + -1b57a1f?
-1b57a1c
In base 8, what is 102463354 + -5?
102463347
In base 15, what is -2b897 - -70b?
-2b18b
In base 5, what is -1311 + 1310210411?
1310204100
In base 5, what is 3 - -344303313140?
344303313143
In base 10, what is 0 - 49053324?
-49053324
In base 2, what is 110010111000101101 + -101001?
110010111000000100
In base 3, what is 1011211 + 10001?
1021212
In base 11, what is 65a552 + -227?
65a326
In base 15, what is 1021451 + -5?
102144b
In base 14, what is d60ca0 - 0?
d60ca0
In base 6, what is 5 - 55152302523?
-55152302514
In base 16, what is 0 + 2085efa?
2085efa
In base 4, what is 312101 + 1101020?
2013121
In base 8, what is -672 + 211132?
210240
In base 11, what is 993671 + -3?
993669
In base 8, what is 2 - -1620753?
1620755
In base 2, what is 1000001110110000000000 + 101111?
1000001110110000101111
In base 13, what is 436462 - 181?
4362b1
In base 12, what is -116a44 + 78?
-116988
In base 4, what is -1030001220110 - 102?
-1030001220212
In base 2, what is -100 + 1101001100101110101101010?
1101001100101110101100110
In base 14, what is -1dd5b3 - 41?
-1dd614
In base 6, what is -4 - -3004245310?
3004245302
In base 2, what is 1010 + -101101011001000001000011?
-101101011001000000111001
In base 4, what is -122331 - 213130?
-1002121
In base 5, what is 4 - -4212303?
4212312
In base 15, what is -3 - -1e88c7?
1e88c4
In base 7, what is -65526303 + 5?
-65526265
In base 4, what is -113212020303 - -2022?
-113212012221
In base 11, what is 11199 + -174?
11025
In base 9, what is 1104 + -26250?
-25145
In base 14, what is -9 + -16016b?
-160176
In base 4, what is -112302 - 3003033?
-3122001
In base 9, what is -1870 + 76857?
74877
In base 2, what is -11000001100010011000101 - 101?
-11000001100010011001010
In base 13, what is 860346 - 0?
860346
In base 12, what is 661 + -71381?
-70920
In base 12, what is b34252 - -5?
b34257
In base 3, what is -210201222120201 - 1?
-210201222120202
In base 3, what is 1101011202 - -1200?
1101020102
In base 10, what is -397528 + 197?
-397331
In base 5, what is 10 + 42120201030?
42120201040
In base 13, what is 1330aa91a + 5?
1330aa922
In base 15, what is -17b077 + -c?
-17b084
In base 9, what is -4347570603 + -3?
-4347570606
In base 10, what is -50549 + 5544?
-45005
In base 10, what is 5 + -1960889?
-1960884
In base 12, what is 18712 + -61?
18671
In base 7, what is 4432143 + 205?
4432351
In base 5, what is 2 + -10102310432?
-10102310430
In base 13, what is -3 - -83a606a?
83a6067
In base 7, what is 1506662 - 432?
1506230
In base 5, what is 2 - 323102202?
-323102200
In base 11, what is 4a490472a + -3?
4a4904727
In base 2, what is 11101111011000101000 - -101111?
11101111011001010111
In base 2, what is -10011110110110111111 - 11010001?
-10011110111010010000
In base 8, what is 0 - 16705375?
-16705375
In base 7, what is 561 + 252162?
253053
In base 13, what is -35 + 2aa545?
2aa510
In base 2, what is 1111110000111011000 - -1000111?
1111110001000011111
In base 12, what is -3 - 37716?
-37719
In base 4, what is -11 - -1031210023223?
1031210023212
In base 15, what is 71636 + -3?
71633
In base 5, what is -34303140431 - 1?
-34303140432
In base 6, what is -4121420241 + -4?
-4121420245
In base 7, what is -3623250 + 3?
-3623244
In base 4, what is 2112310303 + 2120?
2112313023
In base 16, what is -345cb - -a?
-345c1
In base 2, what is -1000111101000010111000 - -1011?
-1000111101000010101101
In base 11, what is -3 + 3045a576?
3045a573
In base 12, what is -48b - 21937?
-22206
In base 11, what is -633097 - 3?
-63309a
In base 10, what is -36872 + -107?
-36979
In base 2, what is 110111101110000011 - 11?
110111101110000000
In base 8, what is -15641 - -174?
-15445
In base 7, what is 266124022 - -4?
266124026
In base 4, what is 110331033 - -30?
110331123
In base 6, what is -2120340221 + -3?
-2120340224
In base 9, what is 74008502 + -27?
74008464
In base 2, what is -11100101011100010100110000 + -10?
-11100101011100010100110010
In base 7, what is -111050321 - 4?
-111050325
In base 3, what is -120000112 + 12021?
-112211021
In base 13, what is -b9a88 + 2ca?
-b978b
In base 11, what is -10141 + 544?
-a6a8
In base 8, what is -247703673 + 4?
-247703667
In base 6, what is 12322552 + 32?
12323024
In base 14, what is 90 + 154cc?
1557c
In base 14, what is 1a3500c - 5?
1a35007
In base 15, what is -1c + 21b84?
21b67
In base 15, what is 1407221 - -7?
1407228
In base 9, what is -413485 - 1461?
-415056
In base 3, what is -100000111112 + 1111?
-100000110001
In base 3, what is 2001101 + 21022?
2022200
In base 7, what is -2465 - 351404?
-354202
In base 12, what is a27a + -3006?
7274
In base 2, what is -10100000110110 - -10101010010?
-10001011100100
In base 11, what is 3 + 53a45123?
53a45126
In base 6, what is -104415 - 51?
-104510
In base 13, what is 1 + 1273718?
1273719
In base 5, what is -41 + -20330244?
-20330340
In base 10, what is -2 + -1462436?
-1462438
In base 7, what is -4 - 1210105220?
-1210105224
In base 10, what is -259521040 + -2?
-259521042
In base 12, what is -1007109 - 16?
-1007123
In base 11, what is -199 - -5141?
4a53
In base 16, what is 4 - 3e1fd2?
-3e1fce
In base 8, what is -155734 - -254?
-155460
In base 15, what is -e4 + -15a49a?
-15a58e
In base 2, what is 101011000000110000011 - 1001?
101011000000101111010
In base 6, what is 20 - 332531434?
-332531414
In base 3, what is 1 - -2002202202201100?
2002202202201101
In base 7, what is 3356 + 2456443?
2463132
In base 5, what is -2441 + -4340?
-12331
In base 5, what is -201 + -10030304?
-10031010
In base 4, what is 3332121121 - -11?
3332121132
In base 5, what is -433104 + -133212?
-1121321
In base 2, what is 10 + -11001010100101001001000?
-11001010100101001000110
In base 8, what is -4 + 102334227?
102334223
In base 12, what is 107 + -804203?
-8040b8
In base 14, what is -37d90 - -79c?
-375d2
In base 6, what is 12305 - -211224?
223533
In base 11, what is 101a895203 + -4?
101a8951aa
In base 5, what is 3 - 123303030331?
-123303030323
In base 10, what is -85 - 219596?
-219681
In base 15, what is -12880 + -1669?
-13ee9
In base 9, what is -83 + -170633?
-170726
In base 11, what is -36441 + 478?
-35a74
In base 2, what is -10 - 10010100100110101111111?
-10010100100110110000001
In base 11, what is -15483 - -208?
-15276
In base 3, what is -12221000121 + -100011?
-12221100202
In base 16, what is 5c -